{"id":283,"date":"2014-06-13T07:31:13","date_gmt":"2014-06-13T05:31:13","guid":{"rendered":""},"modified":"2021-05-19T21:58:52","modified_gmt":"2021-05-19T19:58:52","slug":"reservierung","status":"publish","type":"page","link":"https:\/\/kaupen6.de\/?page_id=283","title":{"rendered":"Reservierung"},"content":{"rendered":"\n\t\t<div \t\t\tclass=\"novablocks-hero novablocks-doppler alignfull novablocks-u-valign-center novablocks-u-halign-center novablocks-u-spacing-large novablocks-u-background novablocks-u-background-dark sm-palette-1 sm-variation-12 scrolling-effect-parallax\"\n\t\t\tstyle=\"--novablocks-block-top-spacing: 1; --novablocks-block-bottom-spacing: 0; --novablocks-emphasis-top-spacing: 0; --novablocks-emphasis-bottom-spacing: 0; --novablocks-hero-text-color: #FFF;min-height: calc(50* var(--novablocks-1vh, 1vh)); \"\n\t\t\tdata-min-height-fallback='50' data-defaults-generated='1' data-overlay-filter-strength='40' data-content-padding='large' data-block-index='0' data-scroll-indicator='' data-position-indicators='1' data-template-inserted='' data-display-inner-content='1' data-palette='1' data-palette-variation='12' data-use-source-color-as-reference='' data-color-signal='3' data-content-color-signal='0' data-content-position='center center' data-focal-point='{&quot;x&quot;:0.5,&quot;y&quot;:0.5}' data-final-focal-point='{&quot;x&quot;:0.5,&quot;y&quot;:0.5}' data-initial-background-scale='1' data-final-background-scale='1' data-scroll-indicator-block='' data-scrolling-effect='parallax' data-motion-preset='standard-dynamic' data-follow-through-start='1' data-follow-through-end='1' data-content-color='#FFF' data-overlay-filter-style='dark' data-emphasis-by-space='1' data-enable-overlapping='' data-block-top-spacing='1' data-block-bottom-spacing='0' data-emphasis-top-spacing='0' data-emphasis-bottom-spacing='0' data-anchor=''\t\t>\n\n\t\t\t\n\t\t\t<div class=\"novablocks-doppler__mask  novablocks-doppler__wrapper\">\n\t\t\t\t<img loading=\"lazy\" decoding=\"async\" width=\"3840\" height=\"2025\" src=\"https:\/\/kaupen6.de\/wp-content\/uploads\/2021\/05\/FUeR-Stills.00_00_04_17.Standbild022-3840x2025.png\" class=\"novablocks-hero__media  novablocks-doppler__target\" alt=\"\" style=\"object-position: 50% 50%;opacity: 0.6; \" srcset=\"https:\/\/kaupen6.de\/wp-content\/uploads\/2021\/05\/FUeR-Stills.00_00_04_17.Standbild022-3840x2025.png 3840w, https:\/\/kaupen6.de\/wp-content\/uploads\/2021\/05\/FUeR-Stills.00_00_04_17.Standbild022-300x158.png 300w, https:\/\/kaupen6.de\/wp-content\/uploads\/2021\/05\/FUeR-Stills.00_00_04_17.Standbild022-1024x540.png 1024w, https:\/\/kaupen6.de\/wp-content\/uploads\/2021\/05\/FUeR-Stills.00_00_04_17.Standbild022-768x405.png 768w, https:\/\/kaupen6.de\/wp-content\/uploads\/2021\/05\/FUeR-Stills.00_00_04_17.Standbild022-1536x810.png 1536w, https:\/\/kaupen6.de\/wp-content\/uploads\/2021\/05\/FUeR-Stills.00_00_04_17.Standbild022-2048x1080.png 2048w, https:\/\/kaupen6.de\/wp-content\/uploads\/2021\/05\/FUeR-Stills.00_00_04_17.Standbild022-250x132.png 250w, https:\/\/kaupen6.de\/wp-content\/uploads\/2021\/05\/FUeR-Stills.00_00_04_17.Standbild022-1366x720.png 1366w, https:\/\/kaupen6.de\/wp-content\/uploads\/2021\/05\/FUeR-Stills.00_00_04_17.Standbild022-480x253.png 480w\" sizes=\"auto, (max-width: 3840px) 100vw, 3840px\" \/>\n\t\t\t\t\t\t\t<\/div>\n            <div class=\"novablocks-hero__foreground novablocks-doppler__foreground novablocks-u-content-padding novablocks-u-content-align\" style=\"min-height: calc(50 * var(--novablocks-1vh, 1vh)); \">\n                <div class=\"novablocks-hero__inner-container wp-block-group__inner-container novablocks-u-content-width\" style=\"\">\n\t\t\t\t\t\n\n<h1 class=\"wp-block-novablocks-headline c-headline has-text-align-center has-larger-font-size\"><span class=\"c-headline__secondary\">Reservierungen<\/span> <span class=\"c-headline__primary\">Vorbeikommen<\/span><\/h1>\n\n\n\t\t\t<div class=\"wp-block-separator wp-block-separator is-style-line-flower is-style-decorative\">\n                \n        <div class=\"c-separator\">\n            <div class=\"c-separator__arrow c-separator__arrow--left\"><\/div>\n            <div class=\"c-separator__line c-separator__line--left\"><\/div>\n            <div class=\"c-separator__symbol\">\n                <span><svg width=\"31\" height=\"20\" viewBox=\"0 0 31 20\" fill=\"none\" xmlns=\"http:\/\/www.w3.org\/2000\/svg\"><path d=\"M30.721 6.3114c0 .599-.2647 1.1494-.7941 1.651-.5155.5016-1.2679.8777-2.2571 1.1285-5.6984 1.4768-8.7774 2.2153-9.2372 2.2153-.5434 0-.815-.1394-.815-.418 0-.2229.3204-.5294.9613-.9195.2647-.1672 1.1842-.6758 2.7586-1.5257 2.9816-1.6161 4.5072-2.4381 4.5768-2.466 1.3375-.6548 2.4243-.9822 3.2602-.9822 1.031 0 1.5465.4389 1.5465 1.3166zm-4.8485-3.1766c0 .4598-.3553 1.0031-1.0658 1.63-.3901.3345-1.3654 1.059-2.9258 2.1735-2.9676 2.1178-4.6604 3.1766-5.0784 3.1766-.209 0-.3762-.1393-.5016-.418l.2508-.585c.836-.8639 1.7346-1.8531 2.696-2.9677 1.0309-1.1982 1.637-1.8948 1.8181-2.0899 1.4908-1.5743 2.7796-2.3615 3.8663-2.3615.6269 0 .9404.4807.9404 1.442zm-9.0073-.9613c0 .195-.0975.7035-.2926 1.5256l-.7523 2.8422c-.2926 1.0867-.4668 1.9854-.5225 2.6959-.0279.404-.0627.6548-.1045.7523-.0418.1394-.1393.209-.2926.209-.1532 0-.2508-.0627-.2926-.1881 0-.0139-.0278-.195-.0835-.5433-.1394-.8499-.418-2.2292-.836-4.138-.3204-1.4071-.4807-2.4103-.4807-3.0094 0-.7105.1812-1.2748.5434-1.6927.3762-.418.8638-.627 1.4629-.627.4737 0 .8638.209 1.1703.627.3205.404.4807.9195.4807 1.5465zm-3.2602 7.9414c0 .2787-.1463.418-.4389.418-.1253 0-.5782-.3065-1.3584-.9195-.9334-.7245-2.0202-1.658-3.2602-2.8004a185.9607 185.9607 0 0 1-2.4451-2.2362c-.5852-.599-.8777-1.1634-.8777-1.6928 0-.404.1462-.7593.4388-1.0658.3065-.3065.6827-.4598 1.1286-.4598.6966 0 1.3305.3135 1.9017.9404.2648.2787.8011 1.052 1.6092 2.3198 2.2014 3.4134 3.302 5.2456 3.302 5.4963zm3.9081 3.4065c0 .5155-.209.9265-.627 1.233-.3065.209-.6061.411-.8986.6061-.209.2508-.3135 1.1982-.3135 2.8422 0 .6688-.0209 1.1146-.0627 1.3375-.0697.3065-.216.4598-.4389.4598-.195 0-.3135-.3622-.3553-1.0867-.0975-1.853-.1672-2.9955-.209-3.4274-.4597-.3344-.8289-.7245-1.1076-1.1703-.2229-.3762-.3344-.6827-.3344-.9196 0-.5573.2021-1.0449.6061-1.4629.418-.4319.8917-.6478 1.4211-.6478.6688 0 1.2191.2159 1.651.6478.4458.4319.6688.9614.6688 1.5883zm-5.2874-2.2361c0 .2925-.1184.4388-.3553.4388-.2368 0-.7036-.1184-1.4002-.3552a545.5275 545.5275 0 0 0-2.5705-.8778C4.8764 9.488 2.9119 8.7565 2.0063 8.2968.6688 7.614 0 6.8478 0 5.9979c0-.8917.627-1.3375 1.8809-1.3375.5015 0 1.3862.3901 2.6541 1.1703 1.0031.627 2.6193 1.7416 4.8485 3.3438.1672.1115.8568.5852 2.069 1.4211.5155.3483.7732.5782.7732.6897z\" fill=\"currentColor\"\/><\/svg>\n<\/span>\n            <\/div>\n            <div class=\"c-separator__line c-separator__line--right\"><\/div>\n            <div class=\"c-separator__arrow c-separator__arrow--right\"><\/div>\n        <\/div>\n\t\t\t\t\t<\/div>\n\t\t\n                <\/div>\n\t\t\t\t            <\/div>\n\n\t\t\t\n        <\/div>\n\n\t\t\n\n\n        <div\n\t\t\tclass=\"novablocks-u-valign-center novablocks-u-halign-center novablocks-media has-image-on-the-right alignfull\"\n\t\t\tstyle=\"--novablocks-block-top-spacing:1;--novablocks-block-bottom-spacing:0;--novablocks-emphasis-top-spacing:0;--novablocks-emphasis-bottom-spacing:0;--emphasis-area:100;--novablocks-media-content-width:50%;--novablocks-media-gutter:calc( 10 * var(--novablocks-media-spacing) * 5 \/ 100 );--card-content-padding: 100;\"\n\t\t\tdata-media-position='right' data-upgraded-to-moderate='1' data-container-height='0' data-defaults-generated='1' data-blobs-enable-mask='' data-blob-sides='3' data-blob-pattern-seed='3' data-blob-complexity='0' data-blob-smoothness='33' data-blob-rotation='0' data-blobs-enable-decoration='' data-blob-mask-sides='3' data-blob-mask-pattern-seed='3' data-blob-mask-complexity='0' data-blob-mask-smoothness='33' data-blob-mask-rotation='0' data-blobs-size-balance='50' data-blobs-horizontal-displacement='50' data-blobs-vertical-displacement='50' data-style-preset='the-cloud-atlas' data-size-contrast='0' data-position-shift='0' data-elements-distance='20' data-placement-variation='25' data-image-rotation='0' data-image-resizing='cropped' data-object-position='50' data-level='2' data-card-title-level='3' data-collection-title-level='2' data-card-media-opacity='100' data-metadata-position='above-title' data-thumbnail-aspect-ratio-string='landscape' data-thumbnail-aspect-ratio='50' data-image-padding='0' data-content-padding='100' data-palette='1' data-palette-variation='1' data-use-source-color-as-reference='' data-color-signal='0' data-content-color-signal='0' data-content-position='center center' data-emphasis-by-space='1' data-enable-overlapping='' data-block-top-spacing='1' data-block-bottom-spacing='0' data-emphasis-top-spacing='0' data-emphasis-bottom-spacing='0' data-layout-gutter='10' data-balance-emphasis='0' data-balance-focal-point='content' data-content-area-width='50' data-content-style='moderate' data-layout-preset='stable' data-template-inserted='' data-emphasis-area='100'\t\t>\n            <div class=\"content-is-moderate novablocks-block sm-palette-1 sm-variation-1 sm-variation-1@below-tablet\">\n\t            <div class=\"wp-block-group__inner-container\">\n\t\t            <div class=\"wp-block alignwide\">\n\t\t                <div class=\"novablocks-media__layout\">\n\t\t\t\t\t\t\t\t\t\t\t\t\t\t\t<div class=\"novablocks-media__content\">\n\t\t\t\t\t\t\t\t\t<div class=\"novablocks-media__inner-container novablocks-block__content sm-palette-1 sm-variation-1\">\n\t\t\t\t\t\t\t\t\t\t\n\n<p class=\"has-text-align-left\">Selbstverst\u00e4ndlich kannst du auch ohne Reservierung bei uns vorbei schauen! Wenn du aber sicher gehen m\u00f6chtest, dass wir einen Tisch frei haben, ist es immer besser, wenn du vorher mit uns Kontakt aufnimmst. <\/p>\n\n\n\n<h4 class=\"has-normal-font-size wp-block-heading\">Telefon:  03542 \/ 47897<\/h4>\n\n\n\n<h4 class=\"has-normal-font-size wp-block-heading\">E-Mail: <a href=\"mailto:info@kaupen6.de\">info@kaupen6.de<\/a><\/h4>\n\n\n\n<p>Bei uns ist \u00fcbrigens jeder Willkommen. Also bring gerne alle mit &#8211;  auch deinen Hund.<\/p>\n\n\t\t\t\t\t\t\t\t\t<\/div>\n\t\t\t\t\t\t\t\t<\/div>\n\t\t\t\t\t\t\t\t\t                    <div class=\"novablocks-media__aside\">\n\t\t\t                    <div class=\"novablocks-advanced-gallery\" data-media-position='right' data-upgraded-to-moderate='1' data-container-height='0' data-defaults-generated='1' data-blobs-enable-mask='' data-blob-sides='3' data-blob-pattern-seed='3' data-blob-complexity='0' data-blob-smoothness='33' data-blob-rotation='0' data-blobs-enable-decoration='' data-blob-mask-sides='3' data-blob-mask-pattern-seed='3' data-blob-mask-complexity='0' data-blob-mask-smoothness='33' data-blob-mask-rotation='0' data-blobs-size-balance='50' data-blobs-horizontal-displacement='50' data-blobs-vertical-displacement='50' data-style-preset='the-cloud-atlas' data-size-contrast='0' data-position-shift='0' data-elements-distance='20' data-placement-variation='25' data-image-rotation='0' data-image-resizing='cropped' data-object-position='50' data-level='2' data-card-title-level='3' data-collection-title-level='2' data-card-media-opacity='100' data-metadata-position='above-title' data-thumbnail-aspect-ratio-string='landscape' data-thumbnail-aspect-ratio='50' data-image-padding='0' data-content-padding='100' data-palette='1' data-palette-variation='1' data-use-source-color-as-reference='' data-color-signal='0' data-content-color-signal='0' data-content-position='center center' data-emphasis-by-space='1' data-enable-overlapping='' data-block-top-spacing='1' data-block-bottom-spacing='0' data-emphasis-top-spacing='0' data-emphasis-bottom-spacing='0' data-layout-gutter='10' data-balance-emphasis='0' data-balance-focal-point='content' data-content-area-width='50' data-content-style='moderate' data-layout-preset='stable' data-template-inserted='' data-emphasis-area='100' style=\"--novablocks-advanced-gallery-aspect-ratio: 25%\"><div class=\"novablocks-advanced-gallery__grid\"><div class=\"novablocks-advanced-gallery__grid-item\"><div class=\"novablocks-advanced-gallery__grid-item-media\"><img decoding=\"async\" class=\"novablocks-advanced-gallery__image\" src=\"https:\/\/kaupen6.de\/wp-content\/uploads\/2021\/05\/FUeR-Stills.00_00_01_19.Standbild005-1366x720.png\" \/><\/div><\/div><\/div><\/div>\t\t                    <\/div>\n\t\t                <\/div>\n\t\t            <\/div>\n\t            <\/div>\n            <\/div>\n        <\/div>\n\n\t\t\n\n\n<div class=\"wp-block-group alignwide is-style-accent\"><div class=\"wp-block-group__inner-container is-layout-flow wp-block-group-is-layout-flow\">\n<h3 class=\"has-text-align-center has-normal-font-size wp-block-heading\">Feste feiern<\/h3>\n\n\n\n<p class=\"has-text-align-center\">Wenn du dir keinen sch\u00f6neren Ort als Kaupen f\u00fcr deine n\u00e4chste Feier vorstellen kannst, ruf uns am besten an und wir besprechen deine W\u00fcnsche und Vorstellungen ganz individuell mit dir. <\/p>\n\n\n\n<p class=\"has-text-align-center\">Gut zu wissen: in unseren Gastraum passen maximal 35 Personen. Bei sch\u00f6nem Wetter sind wir im Au\u00dfenbereich aber flexibel &#8211; egal wie lang deine G\u00e4steliste ist. <\/p>\n\n\n\n<p><\/p>\n<\/div><\/div>\n","protected":false},"excerpt":{"rendered":"<p>Feste feiern Wenn du dir keinen sch\u00f6neren Ort als Kaupen f\u00fcr deine n\u00e4chste Feier vorstellen kannst, ruf uns am besten an und wir besprechen deine [&hellip;]<\/p>\n","protected":false},"author":3,"featured_media":164,"parent":0,"menu_order":0,"comment_status":"closed","ping_status":"closed","template":"","meta":{"novablocks_hero_scroll_indicator":false,"novablocks_hero_position_indicators":false,"footnotes":""},"class_list":["post-283","page","type-page","status-publish","has-post-thumbnail","hentry"],"_links":{"self":[{"href":"https:\/\/kaupen6.de\/index.php?rest_route=\/wp\/v2\/pages\/283","targetHints":{"allow":["GET"]}}],"collection":[{"href":"https:\/\/kaupen6.de\/index.php?rest_route=\/wp\/v2\/pages"}],"about":[{"href":"https:\/\/kaupen6.de\/index.php?rest_route=\/wp\/v2\/types\/page"}],"author":[{"embeddable":true,"href":"https:\/\/kaupen6.de\/index.php?rest_route=\/wp\/v2\/users\/3"}],"replies":[{"embeddable":true,"href":"https:\/\/kaupen6.de\/index.php?rest_route=%2Fwp%2Fv2%2Fcomments&post=283"}],"version-history":[{"count":5,"href":"https:\/\/kaupen6.de\/index.php?rest_route=\/wp\/v2\/pages\/283\/revisions"}],"predecessor-version":[{"id":1981,"href":"https:\/\/kaupen6.de\/index.php?rest_route=\/wp\/v2\/pages\/283\/revisions\/1981"}],"wp:featuredmedia":[{"embeddable":true,"href":"https:\/\/kaupen6.de\/index.php?rest_route=\/wp\/v2\/media\/164"}],"wp:attachment":[{"href":"https:\/\/kaupen6.de\/index.php?rest_route=%2Fwp%2Fv2%2Fmedia&parent=283"}],"curies":[{"name":"wp","href":"https:\/\/api.w.org\/{rel}","templated":true}]}}